What is the units digit of v?
5
Let f(q) = -11*q - 70. Suppose 4*m = -a + 4*a - 18, -3*m - 1 = 4*a. Let k(n) = 5*n + 36. Let s(j) = m*f(j) - 5*k(j). What is the units digit of s(22)?
6
Suppose -37*h = 2*p - 32*h - 15942, -h - 31818 = -4*p. What is the hundreds digit of p?
9
What is the units digit of (-13930)/(1/((-4)/(-20)*(-15)/3))?
0
Suppose -747*q - b = -744*q - 37775, b + 12593 = q. What is the tens digit of q?
9
Let v(b) = 1232*b**3 - 24*b + 129. What is the units digit of v(4)?
1
Suppose 4*f = -24, f - 42910 = -3*d + 43079. What is the thousands digit of d?
8
What is the tens digit of 93 + -99 + 29573/7 + 4/14?
1
Let t(c) = -2*c**3 - 11*c**2 + 5*c + 12. Let f be t(-9). Let q = 858 - f. What is the units digit of q?
4
Let x = 262 - 2. Suppose -2*i - u = -27, 2*u + 2*u + 52 = 2*i. Suppose -21*p = -i*p - x. What is the units digit of p?
2
Let g be (-987)/12 + (-1)/(-4). Let j be 4*(g/8 - -1). Let s = -25 - j. What is the units digit of s?
2
Suppose 0 = 6*w - 2*w - 32. Let r be 28/w*228/7. Suppose -10*a + r = -9*a. What is the units digit of a?
4
Let v(l) = -l**3 + 15*l**2 - 10*l + 12. Let m be v(8). Suppose -3*h + 1144 = 6*b - 2*b, -h - b = -m. What is the hundreds digit of h?
3
Let f be 1269/(-18)*(-3 - 1/(-1)). Suppose 145*p - f*p = 40. What is the units digit of (-46 - p)/((-2)/8)?
4
What is the tens digit of (-76)/(-19) - (3 + -1 + -2555)?
5
Let h be 7254/104 - 2/16*-2. Let f = 61 - h. What is the tens digit of (1 + 0)*f/(27/(-444))?
4
Suppose -7*c + 11*c = -32. What is the tens digit of (-71*1)/((-4 - c)/(-4))?
7
What is the units digit of 6 - ((-764 - 1) + 5 + -8)?
4
Let q = 351 + -352. What is the tens digit of (1*-65 - (-2)/q)*-7?
6
Let l be (35/(-10) - -3)*-1414. Let x = l - 238. What is the tens digit of x?
6
Let t(x) = 10*x**3 + 7*x**2 + 3*x - 23. Let y be t(6). What is the tens digit of y/5 - 76/190?
8
Suppose 5*n = -14*m + 9*m - 2955, 5*n - 3*m = -2995. Let b = 821 + n. What is the tens digit of b?
2
Suppose 0 = -3*t + 558 - 90. Let a = t + -87. What is the tens digit of a?
6
What is the ten thousands digit of (630768/120)/((40/(-25))/(-4))?
1
Let f = -1518 + 708. What is the units digit of 3/(f/(-202) + 16/(-4))?
3
Let p = -1922 + 1943. Suppose 0 = 3*q + m - 0*m - 61, -25 = -q - 5*m. Let h = p - q. What is the units digit of h?
1
Suppose -6 = -40*f + 37*f, 3*m + 4*f = 2771. What is the tens digit of m?
2
Suppose 5715 = -7*t + 34408. What is the units digit of t?
9
Let x(t) = t**2 - 11. Let v be x(4). Suppose -2*d + 4*u - 1040 = -6*d, v*d - 5*u - 1320 = 0. What is the hundreds digit of d?
2
Let o = 833 + -829. Suppose 4*u - 2*w = 1 + 19, 3*u + w = 15. Suppose 0 = k + o*r - 14, 120 = u*k - 6*r + r. What is the tens digit of k?
2
Let y be (-25)/(2 + 150/(-72)). Let z = y + -128. What is the units digit of z?
2
Let i(p) = -15*p**3 - 3*p**2 - 8*p + 21. Let g be i(3). Suppose -2*w - j = -0*w + 416, -j = 4*w + 830. Let v = w - g. What is the units digit of v?
8
Suppose -3*v = -3*o - 30, -37 = -5*o - 57. Let d(y) = 4*y**2 + 42*y + 9. What is the tens digit of d(v)?
0
Let b(x) be the first derivative of -13*x**2/2 - x + 5. Let a be b(-13). Let f = -16 + a. What is the tens digit of f?
5
Let b(j) = -5*j**2 - 3*j - 4. Let h be b(-1). Suppose 16 = -3*v - w, 7 = 2*v + w + 19. What is the tens digit of 1/(v/(-12))*(-94)/h?
4
Let w(s) = -2*s**2 + s - 5. Let j be w(6). Let x = 739 - 595. Let m = x + j. What is the tens digit of m?
7
Let n = -146 - -138. Let r(u) = -36*u - 6. What is the hundreds digit of r(n)?
2
Let i(h) = -20*h**3 - 31*h**2 - h + 11. What is the units digit of i(-13)?
5
Let h(d) = d**2 - 122*d + 8777. What is the thousands digit of h(0)?
8
Let k = -18530 + 30438. What is the hundreds digit of k?
9
Let y(h) = h**3 - 6*h**2 - 7*h - 4. Let i be y(7). Let x = 270 - 287. What is the tens digit of (0 - x)/(i/(-4))?
1
Let i(p) = 22*p + 22. Let a(l) = -l + 1. Let w(g) = 5*a(g) - i(g). Let n be w(-10). Suppose -148 = -3*v + 5*j + 97, j + n = 3*v. What is the units digit of v?
5
Let x(m) be the second derivative of -m**4/12 + 13*m**3/3 + 7*m**2 - 535*m - 3. Let z = -5 + 14. What is the hundreds digit of x(z)?
1
Suppose -4*m = b - 47064, -40*m - 23532 = -42*m + 4*b. What is the tens digit of m?
6
Suppose 5*h - 10 - 8 = -b, 0 = -3*b + 3*h. Let c = -1 + b. What is the units digit of 18 - 2*(-3)/c?
1
Suppose 0 = -97*s + 7556410 - 1320668. What is the hundreds digit of s?
2
Let c(b) be the third derivative of b**6/3 + b**5/4 - 7*b**4/6 + b**3/2 + b**2 - 5*b. What is the hundreds digit of c(2)?
3
Suppose -3*n - 7*y + 2*y = -4280, 20 = 5*y. Suppose 0 = 23*v - 28*v - n. Let q = v - -471. What is the hundreds digit of q?
1
Let b = -21039 + 36366. What is the units digit of b?
7
Suppose 94 = -0*q - 5*q + g, 14*q + 268 = -2*g. Let u be (76/(-6))/((-2)/(-6)). Let m = q - u. What is the units digit of m?
9
Let b(a) = -127*a - 14. Let g(v) = v**2 - 8*v + 5. Let w be g(7). Let f be b(w). Suppose -2*r - 4*x = 3*r - f, 161 = 3*r - x. What is the tens digit of r?
5
Let b(q) = -3442*q - 482. What is the hundreds digit of b(-4)?
2
Let i(q) = 2*q**2 + 9*q - 15. Let u be i(-6). Suppose -u*m + 3*p - 5238 = -8*m, m + 3*p - 1038 = 0. What is the units digit of m?
0
Let a(q) = 305*q - 167*q - 163*q + 47 - 20 + 3*q**2. What is the units digit of a(-9)?
5
Let q(l) = 61*l**2 - 12*l - 117. What is the tens digit of q(21)?
3
Let k(j) = 113 - 33 + 6431*j**3 - 32*j**2 - 6432*j**3 + 2*j. What is the tens digit of k(-32)?
1
Let q = 84 - 85. What is the tens digit of (-2794)/(-198) - (q - (-10)/9)?
1
Suppose -5*l + 10537 = 5*r - 5998, -r - 3 = 0. What is the units digit of l?
0
Let h(q) = q. Let m be h(11). Suppose 5*u = w + 63, -m*u = -7*u + 5*w - 62. What is the tens digit of u?
1
Let h = 1794 - 230. What is the tens digit of h?
6
Let f(k) = k**2 - 6*k - 44. Let o be f(11). Suppose -15*i = -o*i - 792. What is the tens digit of i?
9
Let a = -147 - -231. Suppose r = -r + a. Suppose -2*w + 1 = -2*l - 25, -4*w + 2*l = -r. What is the units digit of w?
8
Suppose 2*x + u = -5, -3*x = 2*u - 0*u + 9. What is the tens digit of 7/28*-5*(x + -1043)?
0
Let w(h) = -1500*h + 17. Let y be w(-4). Suppose -y = -38*i + 27*i. What is the units digit of i?
7
Let l = 663 - 270. Let y = l + 63. What is the tens digit of y?
5
Let h be (-531)/(-27) + 2*(-2)/(-12). Suppose -r = 4*r - h. Suppose -r*p - 9 + 1 = 0, 4*p + 160 = 2*l. What is the tens digit of l?
7
Let j = 15495 - 8608. What is the hundreds digit of j?
8
Let v = -65 - -75. Let s(a) = 5*a - 16 + 4*a + 8*a. What is the hundreds digit of s(v)?
1
Suppose 3*z + 3*j + 201 = -189, -3*z - 383 = -4*j. Let n = 159 + z. What is the units digit of n?
0
Let j(a) be the third derivative of a**4/24 + 40*a**3 + a**2. Let s be j(0). Suppose 996 = 14*u + s. What is the tens digit of u?
5
Suppose 259*m - 4636181 + 4538014 - 11543365 = 0. What is the tens digit of m?
4
Suppose 3*z = 6 + 9. Suppose -3*x + 279 = -3*t, -4*x + 298 = z*t - 38. Suppose -62 = -3*v + 3*o - 4*o, -4*v + 5*o + x = 0. What is the units digit of v?
1
Suppose 14*t = 11*t - 12. What is the hundreds digit of (7284/18)/(t/(-6))?
6
Let p be (-15)/(-40) - 1610/(-16). Let o be (-6)/(-15) - (-2)/(-5). Suppose -5*n - 5 = o, 5*z + 0*n - p = n. What is the tens digit of z?
2
Let a(n) = 9976*n**3 + 3*n**2 - 12*n + 10. What is the thousands digit of a(1)?
9
Let j(q) = 2831*q**2 + 8*q - 86. What is the hundreds digit of j(3)?
4
Let r = -12 + 17. Suppose -3*x + 5*b - 439 - 147 = 0, -r*x - 3*b - 1022 = 0. Let w = -120 - x. What is the tens digit of w?
8
Suppose 12 = 4*q - 2*t, 37*q + 5*t - 40 = 33*q. Suppose -3*v = 5*b - 5486, -q*v + 4*v + 1822 = -5*b. What is the tens digit of v?
2
Let b(w) = 445*w**3 - 4*w**2 + 35*w - 111. What is the tens digit of b(4)?
4
Suppose 1773 = c - m, m - 875 = -c + 900. Suppose 14*l - c = 2720. Suppose 4*r - 5*w - l = 0, -2*w + 9 = w. What is the units digit of r?
4
Suppose 3*b + 1439 = 8*b + 4*s, -b + 290 = 3*s. Suppose -q = -840 - b. What is the units digit of q?
7
Suppose -57586 - 142234 - 17904 = -79*c. What is the units digit of c?
6
Suppose 6*g = 2*g - 20. Let t(b) = -2*b - 4. Let n be t(g). Let k(w) = 2*w**3 - 11*w**2 + 16*w - 14. What is the hundreds digit of k(n)?
1
Suppose -19*z + 4*h = -21*z + 8938, 4*z - 3*h - 17920 = 0. What is the thousands digit 